+ 6*g + 1. Let m be k(5). Suppose m*c = -d + 3*c + 4, t = -4*d - 2*c + 16. Let x(s) = -s**2 + 2*s + 5. Calculate x(d).
-3
Let b(t) = -5*t**2 + 2*t - 4. Let l(s) = -9*s**2 + 4*s - 8. Let n(j) = -11*b(j) + 6*l(j). Let m = 9 + -14. What is n(m)?
11
Let t be ((-1)/2)/((-2)/4). Let o(u) = -t + 2 + 0 - u. Suppose -27 = -4*m - 15. Determine o(m).
-2
Let n(g) = g**3 + 2*g**2 - 2*g - 1. Suppose 0*h - 3*h + 3*z + 9 = 0, -3*h - z + 25 = 0. Let a = h - 10. Determine n(a).
-4
Let z(i) be the third derivative of -i**5/20 + i**4/6 - i**3/3 + 41*i**2. Determine z(3).
-17
Let a(n) = n**2 - 2*n - 2. Let h = 65 - 67. Give a(h).
6
Let z(g) be the first derivative of g**4/4 + g**3/3 - 3*g**2/2 - 2*g - 8. Determine z(-2).
0
Let a(b) = b. Suppose -25 = -5*d - 0*d. Suppose -d + 6 = -j - 4*n, 5*n = j + 10. What is a(j)?
-5
Suppose -7*g + 12 = -10*g. Let v(w) = w**3 + 4*w**2 + 3*w + 6. Calculate v(g).
-6
Let h(y) = 15*y**3 - 2*y**2 - y. Let g be (-1)/(-2) - 9/6. What is h(g)?
-16
Let z(m) = m**3 - 8*m**2 + 2*m - 10. Suppose -4*x = -16, -2*x - 12 = -3*w + x. Determine z(w).
6
Let n be 54/(-72) + (-11)/(-4). Suppose 14 = 4*l - 10. Let q(g) = -9*g**2 - 2*g + 11. Let u(f) = -4*f**2 - f + 5. Let y(j) = l*q(j) - 13*u(j). What is y(n)?
-5
Let n be (-34)/10 - (-2)/5. Let z(p) = -2*p - 2. Let i(f) = 2*f + 1. Let o = 5 + -7. Let u(c) = n*i(c) + o*z(c). What is u(3)?
-5
Let j(z) = -41*z + 1 + 0 + 42*z - 26*z**2 - 7*z**2. Give j(-1).
-33
Let a(i) be the second derivative of -i**6/120 + i**5/120 - i**3/6 - 2*i. Let d(h) be the second derivative of a(h). What is d(1)?
-2
Let s(l) = -2*l**2 + 1. Let o be s(-2). Let d(b) = -b**3 - 8*b**2 - 7*b + 1. What is d(o)?
1
Let y(c) = c**3 - c**2 - c. Let h(z) = -3*z**3 + z**2 + 7*z - 3. Let o(u) = h(u) + 4*y(u). Give o(3).
6
Let x(f) = -f - 5. Suppose 0 + 8 = 4*u. Let r be 4 + 4 + -2 + u. Let p = r - 13. Determine x(p).
0
Let d(b) = b**3 + 7*b**2 + 8*b + 8. Let n = -5 - -10. Suppose -2*s - 5 - n = 0. Let u be s - 2 - (-1 - 0). Calculate d(u).
-4
Let w(f) = -f. Let p(o) = -4*o - 3. Suppose 6 = -4*l - 2. Let b be p(l). Suppose 0*q + b = -q. Give w(q).
5
Let h(p) = p**2 + 2*p - 3. Let v = -3 - -5. Let z = v - 0. Suppose 26 = 5*b + 4*l, z*b + 4*l + 4 = 24. Determine h(b).
5
Let q(w) = w**3 - 10*w**2 + 3. Let y be q(10). Let o(s) = -33*s + 4 - 3 + 35*s. Give o(y).
7
Let n(g) = 4*g. Let w(l) be the first derivative of -l**4/4 - 2*l**3/3 - l + 2. Let j be w(-2). Let m be -2 - (3 + -2 + j). Give n(m).
-8
Let n(w) = w**2 - w + 2. Let x be n(0). Let a(d) = -15 - 4*d + x*d + 22. Determine a(5).
-3
Let v(i) be the second derivative of i**5/4 + i**4/12 - i**3/6 - i**2/2 + 15*i. Suppose 3*x + 4*r = -3, x - 5*r = -3*x - 4. Give v(x).
-4
Let n(j) = 2*j**2 + 84 + 3*j + j**2 - 84 + j**3. Give n(-3).
-9
Let y = 6 - 4. Let t be (y/6)/(5/15). Let d(z) = 3*z - 4*z**2 - 3*z. Calculate d(t).
-4
Let y(p) = 4 + p**2 + p**3 - 2*p - p**2 - p - 2*p**2. Determine y(3).
4
Let b(g) = g. Let u be b(0). Let a = -13 + 21. Suppose u = c + 3*c - a. Let w(i) = -i**3 + 3*i**2 - 4*i + 3. Calculate w(c).
-1
Let b(j) = 6*j + 14. Let d(a) = 5*a + 13. Let p(f) = 6*b(f) - 7*d(f). What is p(7)?
0
Let v be 0 + (-1 - 2/2). Let j(m) = -m**2 - m + 1. What is j(v)?
-1
Suppose -c - 2*f + 1 = 0, 2*f + 25 = 3*c + 6. Let b(l) = -l**3 + 6*l**2 - 4*l - 4. Give b(c).
1
Let r(q) be the first derivative of 19*q**2/2 + 11*q + 1. Let u(z) = 6*z + 4. Let x(i) = 3*r(i) - 8*u(i). What is x(-1)?
-8
Suppose -9 = -2*x - x. Let v(o) = o**3 - 4*o**2 - 2*o + 3. Calculate v(x).
-12
Let f(x) be the third derivative of -x**6/60 - x**5/20 - x**4/24 + x**3/6 + 8*x**2. What is f(-2)?
7
Let o(j) = j**2 - 8*j + 9. Suppose 30 = -4*t + 3*y, 3*t + 10 = 4*y - 9. Let u = -3 - t. Determine o(u).
-3
Let w(u) = -u**2 - 2*u + 4. Let a be w(4). Let m be (3/(-6))/((-2)/a). Let l(v) = -v**3 - 6*v**2 - 2*v + 5. Determine l(m).
-10
Let c(w) = -w**2 - 8*w - 7. Let h be (-117)/24 + (-8)/64. What is c(h)?
8
Suppose 15 = 12*z - 15*z. Let u(a) be the third derivative of a**5/60 + a**4/4 + a**3/3 - a**2. Calculate u(z).
-3
Let w(d) = d**2 + 6*d - 5. Let u be w(-7). Suppose -u*a + 2 + 0 = 0. Let l(r) = -6*r**3 + 2*r**2 - 2*r + 1. Determine l(a).
-5
Let c(b) be the first derivative of 7*b**2/2 + 2*b - 18. Determine c(-1).
-5
Let j(y) = y**2 + 6*y + 3. Let n be 2 - (1 + 1/(-1)). Suppose -18 - n = -2*m. Suppose 4*a = -m - 6. Calculate j(a).
-5
Let l(n) be the second derivative of -1/12*n**4 + 7/6*n**3 + 2*n + 0 + 4*n**2. Calculate l(7).
8
Suppose 0*x + x + 2 = 0. Let w(r) = r**2 + r + 1. What is w(x)?
3
Let v be 1/(3 - (-32)/(-10)). Let r(f) = -f**2 - 6*f - 4. Calculate r(v).
1
Suppose 16*q - 13*q = -9. Let j(l) = 2*l**2 - 3. Give j(q).
15
Let y(w) be the third derivative of 0 + 1/60*w**5 + 1/2*w**3 - 7/24*w**4 + 3*w**2 + 0*w. Calculate y(6).
-3
Let n(y) = y**2 + 4*y + 2. Let q(d) = -d**3 + 2*d**2 + d - 2. Let l be q(2). Let w(t) = -2*t - 3 + t**3 + 6*t - 3*t. Let u be w(l). What is n(u)?
-1
Let g(v) = -8*v**2 - 9*v - 26. Let p(w) = -3*w**2 - 3*w - 9. Let l(x) = 4*g(x) - 11*p(x). Let b be 8/1*3/6. Give l(b).
-1
Let t(w) = 8*w + 3*w**2 + 3 - 2*w**2 - 2*w**2 - 4. Calculate t(5).
14
Let c(g) = g**3 - 6*g**2 - 6*g - 2. Let k be c(7). Let o(i) = i + 3. Calculate o(k).
8
Let w(n) be the third derivative of -n**4/12 + n**3/2 + 12*n**2 - 2*n. Let k be 2 + -1 + 0 + 2. Calculate w(k).
-3
Let m(x) = -x + 1. Let g = 10 - 6. Suppose -5*z + 7 = -4*k, -k - k + g = 0. Determine m(z).
-2
Let k(u) be the third derivative of u**6/120 - u**5/15 - u**4/4 + u**3 - 3*u**2. Calculate k(4).
-18
Let n(l) = l**3 - 4*l**2 - 5*l - 3. Let i(d) = 5*d**3 - 15*d**2 - 19*d - 11. Let h(j) = 2*i(j) - 9*n(j). Give h(-4).
9
Let n(z) = z - 10. Let p be n(14). Let j(x) = -5*x + 3*x - x**2 + 5*x + p - 7. Determine j(4).
-7
Let t = -40 + 42. Let i(v) be the first derivative of v**3 - v**2 - 2*v + 3. Determine i(t).
6
Let s(n) = -n**2 - 5*n + 2. Let f be s(-6). Let t(b) = b**2 - 7*b + 2. Let x be t(7). Let p(r) = -5 + x*r - 4 - 3*r. Calculate p(f).
-5
Let m be (-119)/(-28) + 2/(-8). Suppose -2*w + 5*w - 11 = 5*t, -4*w + 5*t = -13. Let i(r) = w*r + r - 4*r + 6. Calculate i(m).
2
Let y(k) = -14*k**2 - 17*k - 9. Suppose 5 = u + 1. Let a(g) = 7*g**2 + 6 - 2*g**2 - 3 + 6*g. Let q(z) = u*y(z) + 11*a(z). Determine q(-2).
-3
Suppose 0 = v - 3*v. Suppose -2*j = -v*j - 6. Let g(d) = -d + j - 1 + 0*d. Calculate g(4).
-2
Let i(o) be the third derivative of o**5/60 + o**4/6 + o**3/3 + 4*o**2 + 2*o. Calculate i(-5).
7
Let t(j) be the third derivative of -j**5/20 + j**4/24 + j**3/3 + 7*j**2. Give t(2).
-8
Let w(o) = -10*o - 5. Let i(f) = -3*f - 2. Let z(m) = 7*i(m) - 2*w(m). Give z(-6).
2
Let r(p) = -p + 3*p**2 + 4*p - 3 + p**3 - 4*p. Let b be r(-3). Let v(z) = b - 2*z + 3 + z**2 - z**3 + 5*z. Determine v(-2).
9
Let n = -15 - -19. Let x(m) = 8*m**2 - 11*m + 6. Let i(c) = 7*c**2 - 10*c + 6. Let q(u) = 7*i(u) - 6*x(u). Calculate q(n).
6
Let y(w) = -11*w**2 - 3 + 1 + 10*w**2 - w. Let z be y(0). Let x(a) = 6*a. Give x(z).
-12
Suppose -16 + 1 = -5*y. Let o(u) = -2*u. What is o(y)?
-6
Let m(f) = -f**3 - 3*f**2 + 4*f - 3. Let v = 0 - -2. Suppose -v*j + j = 4. What is m(j)?
-3
Suppose -2*a - 7 = 3. Let c(w) = w**2 + 4*w + 6. Determine c(a).
11
Let x(f) = -f**3 + 7*f**2 + 7*f - 7. Let v(d) = -2*d**3 + 6*d**2 + 6*d - 6. Let y(b) = -6*v(b) + 5*x(b). Give y(1).
6
Let u(c) = 0*c**2 - 4*c - 4 + 6*c**3 - 3*c**2 - 5*c**3. Let s = 5 + -3. Suppose -n + 16 = 4*b, -3*n + s = 5*b - 25. What is u(n)?
-4
Let a be (11 - 7)/(1*(-3)/6). Let z(g) = -g**3 - 7*g**2 + 8*g - 6. What is z(a)?
-6
Let y = 0 - -2. Suppose 7 = 2*r + 3. Let z(m) = y*m + r*m - 1 - 2*m. What is z(4)?
7
Let g(s) = -s**2 + 6*s - 5. Let j be g(4). Let k(r) be the first derivative of r**2/2 - 4*r + 2. Determine k(j).
-1
Let r(y) = -y**3 + 6*y**2 - 6*y - 1. Let s(a) = -2*a - 7. Let h be s(-5). Suppose -5*d - 13 = 7, -4*q + h*d = 12. Let n = q - -11. What is r(n)?
-6
Let a(b) be the first derivative of 1/2*b**2 + b + 4. Calculate a(-5).
-4
Let m(c) = -c**3 - c**2 + 3*c + 3. Let q(h) be the first derivative of h**2/2 - 9*h - 5. Let s be (-2)/(-2 + 36/21). Let g be q(s). Determine m(g).
1
Let z(s) = -5*s - 2. Let j(k) = 6*k + 3. Let w(y) = -3*j(y) - 4*z(y). Let h(c) = c**3 - 4*c**2 - 5*c + 2. Let v be h(5). Give w(v).
3
Let c(s) = -5*s**2 + 4*s + 4. Let u(n) 